of b?
11, 19
Suppose -1143 = 2*m + 3*k + 995, k + 4 = 0. Let y = 1885 + m. What are the prime factors of y?
2, 3, 137
Let u = 11097 + -5806. What are the prime factors of u?
11, 13, 37
Suppose -156 = 24*l - 588. List the prime factors of ((-19)/(-3) + (17 - l))*84.
2, 7
Suppose -5*u = -4*p + 91328, 68499 + 22869 = 4*p + 5*u. What are the prime factors of p?
41, 557
Suppose -11720 = 10*j - 11*j - 16*r, -j + 11762 = -5*r. List the prime factors of j.
2, 13, 113
Let m(y) = -y**2 + 22*y + 48. Let v be m(20). Suppose -10*r + v = -6*r. List the prime factors of 1808/22 + (-4)/r.
2, 41
Let b = -166 - -166. Suppose b = -p - 4*a + 193, -2*p + 3*a + 359 = 2*a. List the prime factors of p.
181
Let v(d) be the third derivative of -17*d**6/40 - d**5/30 + d**4/12 + d**3/3 - 41*d**2. List the prime factors of v(-1).
7
Suppose -2 = l - o, -2*o = 3*l + 3*o - 26. Suppose 3*w = 5*r + 13, 5*w = 2*r - 12 + l. What are the prime factors of 115/10 - (-6)/w?
2, 5
Let w = 83506 + -31098. What are the prime factors of w?
2, 6551
Let a = -2 + 4. Let u(h) = 19*h**3 - 4*h**2 + 3*h + 6. Let r(p) = -2*p**3 + p**2 - 3*p - 1. Let i(n) = 2*r(n) + u(n). List the prime factors of i(a).
2, 5, 11
Let m(c) = -8352*c - 5425. What are the prime factors of m(-7)?
7, 7577
Let d be (3 - 4/12)*3882. Suppose 3352 = -7*h + d. List the prime factors of h.
2, 5
Let a be (-1)/1 + (-10)/2 + 14. Let i = a + 0. Suppose -i*x + 56 = -488. List the prime factors of x.
2, 17
Let g(i) = -41*i**3 + 6*i**2 - 8*i - 20. List the prime factors of g(-8).
2, 3, 5, 7, 17
Let v = 14009 + 20170. List the prime factors of v.
3, 11393
List the prime factors of (39728690/3660)/((-1)/(-6)).
65129
Suppose 18*v - 150013 - 50790 = -28777. What are the prime factors of v?
19, 503
Let x(w) = 7*w - 2*w**3 + 5*w**3 - 12 - 12*w**2 - 2*w**3. Let h be x(12). Let q = 161 - h. List the prime factors of q.
89
Let y = 129 + 231. Suppose 28*q - y = 23*q. Let z = q + -38. List the prime factors of z.
2, 17
Let b = -307 + 590. Let c = -212 + b. List the prime factors of c.
71
Let r = 32 - 27. Suppose 4*s + r = 17. Suppose -375 = -s*z + 69. List the prime factors of z.
2, 37
Suppose 3*z + z + 324 = 0. Let s = 81 + z. Suppose -5*h - 3*a + 21 = -4*h, 3*h + 3*a - 51 = s. List the prime factors of h.
3, 5
Let c = -12511 - -29324. What are the prime factors of c?
17, 23, 43
Suppose -b + 2 = i, 8*b - 12 = -i + 5*b. Let k be (8*i/(-18))/((-2)/(-3)). Suppose -l - h = k*l - 344, -3*h - 108 = -l. List the prime factors of l.
2, 3, 19
Suppose 0 = -5*f - 5*f + 530. Suppose -5*n + 163 = f. List the prime factors of n.
2, 11
Let a = 23256 - 12612. List the prime factors of a.
2, 3, 887
Let p(n) = n + 39. Let i be p(12). Suppose -153 = -3*q + 5*b, 2*q - 4*b - 53 = i. What are the prime factors of q?
2, 23
Let z(h) = -347*h - 7. Let w be z(6). Let u = 3289 + w. Suppose 5*b + 195 = u. List the prime factors of b.
3, 67
Let n = 6771 + -880. What are the prime factors of n?
43, 137
Let g = -6539 + 10945. What are the prime factors of g?
2, 2203
Let n(r) = 4463*r - 4724. List the prime factors of n(6).
2, 11027
Let n be ((-5)/(20/(-8)))/((-4)/(-6)). Let r be (n - 0)*(-220)/(-15). List the prime factors of (1 + -149)/(r/(-66)).
2, 3, 37
Let n(l) = 15*l**2 + 25. Let k be n(-11). Suppose -20*s = -k - 1240. What are the prime factors of s?
2, 7, 11
Let g(q) = q**3 - 3*q**2 + 19*q - 5. Let m = -328 + 332. What are the prime factors of g(m)?
3, 29
Let v be 18/(-45) - (8/5 + -2). Suppose v*f + f - 132 = 0. Suppose 4*t = -f + 332. What are the prime factors of t?
2, 5
List the prime factors of -3452*((-39)/(-18) + -2)/((-10)/150).
2, 5, 863
Let s(m) = 3*m**2 - 14*m + 8. Let p(h) be the first derivative of -h**3/3 + h**2/2 - h + 21. Let i(f) = -6*p(f) - s(f). What are the prime factors of i(6)?
2, 7, 11
Let b = -16313 - -35560. List the prime factors of b.
19, 1013
Let f be 5*(-2)/(-75) - 24448/(-15). Suppose -j + f = 602. Suppose -3578 = -10*g - j. List the prime factors of g.
3, 5, 17
Let c = 8305 + 1637. What are the prime factors of c?
2, 3, 1657
Suppose -4*l = 5*v - 80647, -l = v - 11363 - 4765. List the prime factors of v.
5, 7, 461
Let r = -123907 - -176323. What are the prime factors of r?
2, 3, 7, 13
Let r = -1892 + 928. Let x = -508 - r. What are the prime factors of x?
2, 3, 19
Let m(x) = -84*x**2 + 90*x**2 + 7 - 2*x + 9*x + x**3 - 2*x**3. Let t be m(-4). Suppose -2*z + 3*z = t. What are the prime factors of z?
139
Suppose 3*f + m = 60949, 20342 = f - 40*m + 44*m. What are the prime factors of f?
2, 7, 1451
Suppose -9*y + 10*y - 3*h + 12 = 0, -2*y = -2*h + 20. What are the prime factors of 15/(-3) + 1225 + (-13 - y)?
2, 19
Let b = -1849 - -7492. List the prime factors of b.
3, 11, 19
Let w be 5 - (4 - -1 - (-15 - -25)). Suppose w*s = 445 + 5715. List the prime factors of s.
2, 7, 11
Let i be (-4)/6 + 76/6. Let z = 648 - 645. List the prime factors of 0 + z/4 + 519/i.
2, 11
Suppose 0 = -3*s - 2*l + 343 + 6076, -4*s = 3*l - 8559. Suppose s = 6*r + 33. List the prime factors of r.
3, 13
Let c(z) = 270*z + 179. Let o(p) = 810*p + 534. Let f(b) = 8*c(b) - 3*o(b). What are the prime factors of f(-4)?
2, 5, 7, 13
Let c = 77 + -70. Suppose -5*x + 2*q - c*q = -350, 4*q + 80 = x. Let j = x + -52. What are the prime factors of j?
2, 5
Let v = -388 + 388. Suppose v*s = 41*s - 14432. List the prime factors of s.
2, 11
Let a be 12 + 42/(-7) + 2. List the prime factors of 1441 + a - (-3 + 7).
5, 17
Suppose -11793 = -b - 91*l + 93*l, -47160 = -4*b + 5*l. What are the prime factors of b?
5, 2357
Let m be (1 + 1 - 1)/(2/276). Let q = m + 148. Let u = q + -193. What are the prime factors of u?
3, 31
Let t = -35 + 38. Let i = t + 0. Let y(a) = 21*a**2 - a + 3. List the prime factors of y(i).
3, 7
Let w(x) = -x**3 + 8*x + 144. Suppose -17*o = -29*o. List the prime factors of w(o).
2, 3
List the prime factors of -10 + 2 + 405/50 - (-191718)/20.
2, 4793
Let a(b) = 3*b**3 + 9*b + 1479. List the prime factors of a(26).
3, 23, 263
What are the prime factors of (-2)/(-13 + 1281341/98566)?
2, 13, 223
Suppose -z + u = -8, z + 2*u - 4*u - 12 = 0. Let b be ((-1)/(-7) - (-72)/84) + z. Suppose -f = -b*f + 708. What are the prime factors of f?
3, 59
Let w = 24733 + -14261. List the prime factors of w.
2, 7, 11, 17
Let j(a) = 8*a**2 + 17*a - 18. Let k(r) = 12 - 17*r - 11 + 11 - 7*r**2 + 6. Let q(w) = -5*j(w) - 6*k(w). List the prime factors of q(-13).
3, 11
List the prime factors of (15/9*-1)/((-265)/813762).
2, 3, 853
Let o = 18 + -32. Let c be (-44)/o + (-4)/28 - 13. Let u = c + 33. What are the prime factors of u?
23
Let z be (-2 - 0)*(-3)/2. Let m be z/9*3*47. List the prime factors of 1/(-3)*3 + m.
2, 23
Let f be ((-16)/10)/((-84)/(-210)). Let x(v) = -7*v**3 + v**2 - 19*v - 4. List the prime factors of x(f).
2, 67
Suppose 0 = l - 2*f - 630, 0 = -3*l + f + 1351 + 534. Let b = 803 + l. What are the prime factors of b?
3, 53
Let q(x) = 455*x - 636. List the prime factors of q(17).
31, 229
Suppose -3*d = 2*y + 4 + 45, -d + 80 = -5*y. Let m(i) = i**3 + 17*i**2 - 31*i - 20. List the prime factors of m(y).
3, 13
Suppose -q = -5, -4*t + 112303 = 20*q - 25*q. What are the prime factors of t?
2, 19, 739
Suppose 26*k = 452794 + 42818. What are the prime factors of k?
2, 3, 353
Let j(v) = 189*v - 4662. What are the prime factors of j(72)?
2, 3, 7, 71
Let g be -1*((1 - (1 - -2)) + 0). Suppose -v - 6 = 4*v + g*u, 9 = -2*v - 3*u. Suppose 0 = -n - 1, -16 = -4*b + 4*n - v*n. What are the prime factors of b?
3
Let y(j) = -228*j + 496. What are the prime factors of y(-9)?
2, 7, 13
Suppose -130*n = 2*n - 359516 - 1273060. What are the prime factors of n?
2, 773
Suppose 0 = 2*z - 3*q - 20644, 4*z - 11*q = -15*q + 41228. List the prime factors of z.
10313
Suppose -2*w = 7*w. Suppose 125 = b - w. Suppose 3*i = u - 6, 0 = 6*u - u + 4*i - b. What are the prime factors of u?
3, 7
Let u = -36 + 23. Let y be u/(39/6)*(-1 - -2). List the prime factors of -2*92/(y + -2).
2, 23
List the prime factors of (3 - 397)/(48/(-6480)).
2, 3, 5, 197
Let h(r) = -389*r**3 + 3*r**2 - 2*r - 2. Let b = -910 + 909. What are the prime factors of h(b)?
2, 7
Suppose 0 = -12*l + 2*l. Let b be 21/2*(18 + l). Let t = -66 + b. What are the prime factors of t?
3, 41
Let k be ((-7)/7 - -230) + 0. Let d = 271 - k. List the prime 